7 and 36?
9
What is the highest common divisor of 3753 and 2641?
139
What is the greatest common divisor of 690 and 1518?
138
Calculate the greatest common divisor of 1383 and 3.
3
Calculate the highest common divisor of 48 and 6.
6
What is the highest common factor of 4232 and 23?
23
Calculate the highest common factor of 21 and 3.
3
Calculate the greatest common divisor of 460 and 40.
20
Calculate the greatest common factor of 1938 and 342.
114
What is the greatest common divisor of 28 and 364?
28
What is the highest common divisor of 44 and 2387?
11
What is the highest common factor of 14 and 343?
7
What is the highest common divisor of 34 and 731?
17
What is the highest common divisor of 166 and 581?
83
Calculate the greatest common factor of 29835 and 65.
65
Calculate the highest common divisor of 40 and 8980.
20
Calculate the highest common divisor of 342 and 4218.
114
Calculate the greatest common factor of 275 and 925.
25
Calculate the highest common factor of 97 and 5141.
97
What is the greatest common divisor of 1341 and 99?
9
What is the highest common factor of 2 and 269?
1
Calculate the highest common divisor of 15 and 6.
3
Calculate the highest common divisor of 880 and 20.
20
Calculate the highest common divisor of 220 and 40.
20
Calculate the greatest common divisor of 14 and 7210.
14
What is the greatest common divisor of 7552 and 128?
128
What is the greatest common factor of 41 and 246?
41
Calculate the highest common factor of 44 and 462.
22
Calculate the highest common divisor of 204 and 510.
102
What is the greatest common factor of 13974 and 408?
102
Calculate the highest common divisor of 341 and 22.
11
What is the greatest common divisor of 20 and 8780?
20
What is the greatest common factor of 195 and 234?
39
What is the highest common factor of 320 and 48?
16
Calculate the greatest common divisor of 335 and 871.
67
What is the highest common factor of 12 and 534?
6
Calculate the greatest common factor of 875 and 14.
7
What is the greatest common divisor of 34093 and 103?
103
Calculate the greatest common factor of 2190 and 30.
30
Calculate the highest common factor of 105 and 120.
15
Calculate the highest common divisor of 22 and 62744.
22
What is the highest common factor of 2200 and 16?
8
What is the highest common divisor of 1305 and 180?
45
Calculate the greatest common factor of 165 and 105.
15
What is the highest common factor of 525 and 21?
21
Calculate the highest common divisor of 76 and 1653.
19
What is the highest common divisor of 12 and 498?
6
What is the greatest common factor of 70 and 30?
10
What is the highest common factor of 756 and 27?
27
Calculate the greatest common divisor of 1116 and 36.
36
Calculate the greatest common divisor of 815 and 3097.
163
What is the highest common factor of 1659 and 21?
21
What is the highest common factor of 54 and 378?
54
Calculate the greatest common divisor of 209 and 1067.
11
What is the highest common factor of 14 and 10423?
7
Calculate the greatest common factor of 175 and 60.
5
What is the highest common divisor of 13 and 247?
13
Calculate the highest common divisor of 49 and 8771.
49
What is the highest common divisor of 273 and 21?
21
What is the highest common factor of 220 and 88?
44
Calculate the greatest common divisor of 6290 and 170.
170
Calculate the greatest common divisor of 12 and 210.
6
Calculate the greatest common divisor of 153 and 6613.
17
What is the highest common divisor of 36582 and 39?
39
Calculate the highest common factor of 3 and 3.
3
What is the greatest common divisor of 84 and 156?
12
What is the highest common factor of 10 and 320?
10
Calculate the greatest common factor of 19 and 646.
19
What is the highest common divisor of 33 and 51?
3
What is the greatest common factor of 2 and 1282?
2
What is the highest common factor of 1026 and 378?
54
What is the greatest common divisor of 427 and 91?
7
Calculate the greatest common divisor of 180 and 612.
36
Calculate the highest common divisor of 135 and 3.
3
Calculate the highest common divisor of 783 and 27.
27
Calculate the greatest common factor of 70 and 3934.
14
What is the highest common factor of 814 and 148?
74
What is the greatest common divisor of 150 and 450?
150
What is the highest common divisor of 530 and 2968?
106
Calculate the highest common factor of 2678 and 5974.
206
Calculate the highest common factor of 185 and 37.
37
What is the greatest common divisor of 3 and 1074?
3
Calculate the highest common divisor of 228 and 8.
4
What is the highest common factor of 1104 and 345?
69
Calculate the greatest common factor of 58 and 1711.
29
Calculate the highest common divisor of 9 and 306.
9
What is the greatest common divisor of 258 and 903?
129
Calculate the greatest common factor of 58 and 48343.
29
What is the greatest common factor of 351 and 39?
39
What is the greatest common divisor of 375 and 15?
15
What is the greatest common factor of 168 and 56?
56
Calculate the greatest common factor of 5373 and 398.
199
Calculate the greatest common divisor of 1232 and 22.
22
Calculate the highest common factor of 195 and 15.
15
Calculate the highest common factor of 117 and 2223.
117
Calculate the highest common factor of 13 and 1079.
13
What is the greatest common divisor of 3015 and 30?
15
Calculate the highest common divisor of 143 and 5148.
143
What is the greatest common factor of 38 and 66?
2
Calculate the highest common factor of 24008 and 24.
8
What is the highest common factor of 7047 and 3393?
261
What is the greatest common factor of 377 and 3042?
13
What is the greatest common factor of 26581 and 19?
19
Calculate the greatest common factor of 117 and 81.
9
What is the greatest common divisor of 1554 and 42?
42
Calculate the greatest common factor of 72 and 117.
9
What is the highest common factor of 8106 and 266?
14
Calculate the highest common divisor of 275 and 1815.
55
What is the greatest common divisor of 164 and 41?
41
What is the highest common factor of 29 and 29?
29
What is the greatest common factor of 572 and 52?
52
What is the greatest common factor of 90 and 70?
10
Calculate the greatest common factor of 47 and 517.
47
Calculate the greatest common factor of 123 and 82.
41
What is the highest common factor of 42 and 189?
21
What is the highest common divisor of 42 and 1498?
14
Calculate the greatest common divisor of 250 and 4875.
125
What is the highest common factor of 76 and 266?
38
What is the greatest common divisor of 36 and 2934?
18
Calculate the greatest common divisor of 352 and 32.
32
What is the highest common divisor of 5 and 65?
5
What is the greatest common divisor of 864 and 200?
8
What is the greatest common divisor of 171 and 387?
9
What is the highest common factor of 31 and 13144?
31
Calculate the greatest common factor of 1932 and 60.
12
Calculate the greatest common factor of 81 and 6.
3
Calculate the highest common divisor of 45 and 50.
5
Calculate the highest common factor of 1978 and 299.
23
What is the highest common divisor of 20090 and 1225?
245
What is the highest common factor of 112 and 64?
16
What is the greatest common divisor of 5533 and 22?
11
What is the greatest common factor of 22 and 16?
2
Calculate the greatest common factor of 1368 and 1176.
24
What is the greatest common factor of 7568 and 528?
176
Calculate the highest common factor of 140 and 490.
70
What is the highest common divisor of 56 and 34?
2
What is the highest common divisor of 4770 and 1166?
106
Calculate the greatest common divisor of 45 and 216.
9
Calculate the highest common factor of 51 and 255.
51
Calculate the highest common divisor of 1650 and 18.
6
Calculate the highest common factor of 176 and 44.
44
What is the highest common factor of 27 and 1?
1
What is the greatest common divisor of 760 and 24?
8
Calculate the highest common factor of 1339 and 26.
13
What is the highest common factor of 42 and 9926?
14
What is the greatest common factor of 2 and 674?
2
Calculate the highest common factor of 64 and 688.
16
Calculate the highest common factor of 16 and 20.
4
What is the greatest common factor of 392 and 3038?
98
What is the greatest common divisor of 122 and 13725?
61
What is the highest common divisor of 3510 and 520?
130
Calculate th